{"id":156,"date":"2019-11-11T13:36:19","date_gmt":"2019-11-11T13:36:19","guid":{"rendered":"http:\/\/trauerredner-bodensee.de\/?page_id=156"},"modified":"2026-03-09T16:25:36","modified_gmt":"2026-03-09T16:25:36","slug":"156-2","status":"publish","type":"page","link":"https:\/\/trauerredner-bodensee.de\/?page_id=156","title":{"rendered":"IMPRESSUM"},"content":{"rendered":"\n<div style=\"height:50px\" aria-hidden=\"true\" class=\"wp-block-spacer\"><\/div>\n\n\n\n<h2 class=\"wp-block-heading\">IMPRESSUM<\/h2>\n\n\n\n<div style=\"height:50px\" aria-hidden=\"true\" class=\"wp-block-spacer\"><\/div>\n\n\n\n<p><strong>TR\u00d6STENDE WORTE<\/strong>  <strong>\u2013<\/strong> <br><strong>Trauerredner Bodensee <\/strong><\/p>\n\n\n\n<p>Inhaber: Dipl.-\u00dcbers. Carlos Lange-Prollius <br>Brauneggerstr. 19<br>78462 Konstanz &#8211;GERMANY&#8211;<\/p>\n\n\n\n<p>Telefon +49-(0)7531 \u2013 38 10 167<br>Email\u00a0 textagentur-bodensee@email.de<br>Mobil +49-(0)178 \u2013 87 85 672<\/p>\n\n\n\n<p><br>www.trauerredner-bodensee.de ist eine besondere Dienstleistung von:<\/p>\n\n\n\n<p><a href=\"http:\/\/www.textagentur-bodensee.de\" target=\"_blank\" rel=\"noreferrer noopener\" aria-label=\"www.textagentur-bodensee.de (\u00f6ffnet in neuem Tab)\">www.textagentur-bodensee.de<\/a> \/ <a href=\"http:\/\/textagentur-bodensee.ch\" target=\"_blank\" rel=\"noreferrer noopener\" aria-label=\"textagentur-bodensee.ch (\u00f6ffnet in neuem Tab)\">textagentur-bodensee.ch<\/a> \/ <a href=\"http:\/\/textagentur-bodensee.at\" target=\"_blank\" rel=\"noreferrer noopener\" aria-label=\"textagentur-bodensee.at (\u00f6ffnet in neuem Tab)\">textagentur-bodensee.at<\/a><\/p>\n\n\n\n<p>Umsatzsteuer-Identifikationsnummer gem\u00e4\u00df \u00a7 27 a Umsatzsteuergesetz:<\/p>\n\n\n\n<p>DE 267193600<\/p>\n\n\n\n<p>Inhaltlich Verantwortlicher gem\u00e4\u00df \u00a7 55 Absatz 2 MDStV: Carlos Lange-Prollius (Anschrift wie oben)<\/p>\n\n\n\n<p>Gestaltung der Website: Dipl.-Designer Barbara F\u00fc\u00dfinger \u2013 barbara@fuessinger.net<\/p>\n\n\n\n<p>Programmierung: Maximilian Geppert, Berlin <\/p>\n\n\n\n<p>Alle Fotos auf dieser Website: <a href=\"http:\/\/www.sabineplathen.de\" target=\"_blank\" rel=\"noreferrer noopener\" aria-label=\"www.sabineplathen.de (\u00f6ffnet in neuem Tab)\">www.sabineplathen.de<\/a> <\/p>\n\n\n\n<p>Kooperationspartner: <a href=\"http:\/\/www.tojio.com\" target=\"_blank\" rel=\"noreferrer noopener\" aria-label=\"www.tojio.com (\u00f6ffnet in neuem Tab)\">www.tojio.com<\/a> | <a href=\"http:\/\/www.lume-design.de\">www.lume-design.de<\/a> | <a href=\"http:\/\/www.interpretandum.com\" target=\"_blank\" rel=\"noreferrer noopener\" aria-label=\"www.interpretandum.com (\u00f6ffnet in neuem Tab)\">www.interpretandum.com<\/a> | <a href=\"http:\/\/www.friedwald.ch\" target=\"_blank\" rel=\"noreferrer noopener\" aria-label=\"www.friedwald.ch (\u00f6ffnet in neuem Tab)\">www.friedwald.ch<\/a> | <a href=\"http:\/\/www.gadesko.de\" target=\"_blank\" rel=\"noreferrer noopener\" aria-label=\"www.gadesko.de (\u00f6ffnet in neuem Tab)\">www.gadesko.de<\/a><\/p>\n\n\n\n<p><strong>HAFTUNGSHINWEIS<\/strong><\/p>\n\n\n\n<p>Trotz sorgf\u00e4ltiger inhaltlicher Kontrolle \u00fcbernehme ich ausdr\u00fccklich keine Haftung f\u00fcr die Inhalte externer Links. Diese Erkl\u00e4rung gilt f\u00fcr alle auf meiner Website angezeigten Links und f\u00fcr alle Inhalte der respektiven verlinkten Seiten. F\u00fcr den Inhalt der verlinkten Seiten sind ausschlie\u00dflich deren Betreiber verantwortlich.<\/p>\n\n\n\n<p><strong>COPYRIGHTS<\/strong><\/p>\n\n\n\n<p>Inhaber der Rechte an den Inhalten dieser Website ist Carlos Lange-Prollius. Alle Rechte vorbehalten. <br>\u00a92026 TR\u00d6STENDE WORTE \u2013 Trauerredner Bodensee<\/p>\n\n\n\n<p><strong>HAFTUNGSAUSSCHLUSS<\/strong><\/p>\n\n\n\n<p>Alle Angaben ohne Gew\u00e4hr. TR\u00d6STENDE WORTE \u2013 Trauerredner Bodensee \u00fcbernimmt keine Haftung f\u00fcr Irrt\u00fcmer oder Vollst\u00e4ndigkeit und keine Verpflichtung, die auf dieser Website enthaltenen Informationen auf dem neuesten Stand zu halten. TR\u00d6STENDE WORTE \u2013 Trauerredner Bodensee beh\u00e4lt sich das Recht vor, die Informationen oder die hier beschriebenen Dienstleistungen jederzeit und ohne vorherige Ank\u00fcndigung zu \u00e4ndern.<\/p>\n","protected":false},"excerpt":{"rendered":"<p>IMPRESSUM TR\u00d6STENDE WORTE \u2013 Trauerredner Bodensee Inhaber: Dipl.-\u00dcbers. Carlos Lange-Prollius Brauneggerstr. 1978462 Konstanz &#8211;GERMANY&#8211; Telefon +49-(0)7531 \u2013 38 10 167Email\u00a0 textagentur-bodensee@email.deMobil +49-(0)178 \u2013 87 85 672 www.trauerredner-bodensee.de ist eine besondere Dienstleistung von: www.textagentur-bodensee.de \/ textagentur-bodensee.ch \/ textagentur-bodensee.at Umsatzsteuer-Identifikationsnummer gem\u00e4\u00df \u00a7 27 a Umsatzsteuergesetz: DE 267193600 Inhaltlich Verantwortlicher gem\u00e4\u00df \u00a7 55 Absatz 2 MDStV: Carlos Lange-Prollius [&hellip;]<\/p>\n","protected":false},"author":1,"featured_media":0,"parent":0,"menu_order":0,"comment_status":"closed","ping_status":"closed","template":"","meta":{"site-sidebar-layout":"default","site-content-layout":"default","ast-site-content-layout":"default","site-content-style":"default","site-sidebar-style":"default","ast-global-header-display":"","ast-banner-title-visibility":"","ast-main-header-display":"","ast-hfb-above-header-display":"","ast-hfb-below-header-display":"","ast-hfb-mobile-header-display":"","site-post-title":"disabled","ast-breadcrumbs-content":"","ast-featured-img":"","footer-sml-layout":"","ast-disable-related-posts":"","theme-transparent-header-meta":"default","adv-header-id-meta":"","stick-header-meta":"","header-above-stick-meta":"","header-main-stick-meta":"","header-below-stick-meta":"","astra-migrate-meta-layouts":"set","ast-page-background-enabled":"default","ast-page-background-meta":{"desktop":{"background-color":"","background-image":"","background-repeat":"repeat","background-position":"center center","background-size":"auto","background-attachment":"scroll","background-type":"","background-media":"","overlay-type":"","overlay-color":"","overlay-opacity":"","overlay-gradient":""},"tablet":{"background-color":"","background-image":"","background-repeat":"repeat","background-position":"center center","background-size":"auto","background-attachment":"scroll","background-type":"","background-media":"","overlay-type":"","overlay-color":"","overlay-opacity":"","overlay-gradient":""},"mobile":{"background-color":"","background-image":"","background-repeat":"repeat","background-position":"center center","background-size":"auto","background-attachment":"scroll","background-type":"","background-media":"","overlay-type":"","overlay-color":"","overlay-opacity":"","overlay-gradient":""}},"ast-content-background-meta":{"desktop":{"background-color":"var(--ast-global-color-5)","background-image":"","background-repeat":"repeat","background-position":"center center","background-size":"auto","background-attachment":"scroll","background-type":"","background-media":"","overlay-type":"","overlay-color":"","overlay-opacity":"","overlay-gradient":""},"tablet":{"background-color":"var(--ast-global-color-5)","background-image":"","background-repeat":"repeat","background-position":"center center","background-size":"auto","background-attachment":"scroll","background-type":"","background-media":"","overlay-type":"","overlay-color":"","overlay-opacity":"","overlay-gradient":""},"mobile":{"background-color":"var(--ast-global-color-5)","background-image":"","background-repeat":"repeat","background-position":"center center","background-size":"auto","background-attachment":"scroll","background-type":"","background-media":"","overlay-type":"","overlay-color":"","overlay-opacity":"","overlay-gradient":""}},"footnotes":""},"class_list":["post-156","page","type-page","status-publish","hentry"],"_links":{"self":[{"href":"https:\/\/trauerredner-bodensee.de\/index.php?rest_route=\/wp\/v2\/pages\/156","targetHints":{"allow":["GET"]}}],"collection":[{"href":"https:\/\/trauerredner-bodensee.de\/index.php?rest_route=\/wp\/v2\/pages"}],"about":[{"href":"https:\/\/trauerredner-bodensee.de\/index.php?rest_route=\/wp\/v2\/types\/page"}],"author":[{"embeddable":true,"href":"https:\/\/trauerredner-bodensee.de\/index.php?rest_route=\/wp\/v2\/users\/1"}],"replies":[{"embeddable":true,"href":"https:\/\/trauerredner-bodensee.de\/index.php?rest_route=%2Fwp%2Fv2%2Fcomments&post=156"}],"version-history":[{"count":18,"href":"https:\/\/trauerredner-bodensee.de\/index.php?rest_route=\/wp\/v2\/pages\/156\/revisions"}],"predecessor-version":[{"id":255,"href":"https:\/\/trauerredner-bodensee.de\/index.php?rest_route=\/wp\/v2\/pages\/156\/revisions\/255"}],"wp:attachment":[{"href":"https:\/\/trauerredner-bodensee.de\/index.php?rest_route=%2Fwp%2Fv2%2Fmedia&parent=156"}],"curies":[{"name":"wp","href":"https:\/\/api.w.org\/{rel}","templated":true}]}}